 x(f) = 3*f**3 - 141*f**2 - 18*f + 841. Let j be x(47). What is m(j)?
-23
Let a(h) be the third derivative of -h**7/2520 - h**6/720 - h**5/40 - 2*h**4/3 + 61*h**2 + 2. Let r(y) be the second derivative of a(y). Calculate r(-3).
-9
Let a(j) = -10 - 16 + 28 + 4*j**2 - j**3. Let n be a(4). Let k(q) = 82*q**2 - 38*q**2 - 4*q + 3 - 40*q**n + q**3. What is k(-5)?
-2
Let m(j) = j**2 + 9*j + 3. Let k be (-1 - -4)*2/(-6). Let d(u) = 1 + 7*u**3 + 4*u**2 - 49*u - 3*u**2 + 51*u. Let g be d(k). Calculate m(g).
-11
Let g(y) = 8*y**2 + 118*y - 46. Let j(n) = -12*n**2 - 176*n + 69. Let w(x) = 7*g(x) + 5*j(x). What is w(-14)?
-5
Let m(j) = -j**2 + 27*j - 165. Let g = 508 + -493. Give m(g).
15
Let s be (-6)/(-36) + 26/(-12). Let q(u) be the first derivative of u**3/3 + 3423. Give q(s).
4
Suppose 0 = 4*o + 5*u - 93, 5*o - 3*u + 2*u = 109. Let r = -20 + o. Let y(f) be the second derivative of -f**4/4 - f**3/3 - 2*f. What is y(r)?
-16
Let k(y) = -y**2 + 3*y + 7. Let l be k(9). Let s = -35 - l. Let d be (64/s - 4)/(2/(-3)). Let o(u) = 2*u**3 + u**2 + u + 2. Give o(d).
-12
Let h(b) = 3*b**3 - 10*b**2 + 46*b + 44. Let d(t) = 4*t**3 - 15*t**2 + 66*t + 64. Let o(y) = 5*d(y) - 7*h(y). Determine o(-5).
-28
Let r be ((-18)/3)/((-6)/8*(-104)/39). Let k(s) = -7*s**2 - 3*s - 7. What is k(r)?
-61
Let u = -57 - -57. Let k be (u - -3)*8/(-8). Let p(a) = a**3 + 4*a**2 + 2*a - 3. What is p(k)?
0
Let i(j) = 41*j**3 + 2*j**2 - 3*j - 4. Let t(m) = 203*m**3 + 11*m**2 - 16*m - 22. Let x(z) = -11*i(z) + 2*t(z). Calculate x(-1).
44
Let m(p) = -13*p - 4 - 16*p + 9*p**2 + 56*p + p**3 - 8*p - 2*p. Give m(-6).
2
Let f(b) = 5*b + 19. Let m(v) = -10*v - 37. Let j(u) = 7*f(u) + 4*m(u). Calculate j(-6).
15
Let o(r) = -11*r**3 + 2*r**2 + 3*r + 1. Suppose -z - 7*b - 1 = -10*b, 2*z = 5*b - 2. What is o(z)?
11
Suppose 96 = 6*c + 18. Let d(o) = 2*o + 5. Let i(v) = 4*v + 10. Let x(k) = c*d(k) - 6*i(k). Let b(u) = -u**3 + 14*u**2 + u - 18. Let r be b(14). What is x(r)?
-3
Suppose 3*y - 54 = -2*s, 54*y - 59*y + 97 = s. Let r(c) = -c**3 + 19*c**2 + 19*c + 29. Determine r(y).
9
Let i(y) = -y**3 - 2*y**2 - 2*y + 2. Let v be ((-32)/120*-20)/(1/3). Suppose -2*l - 4*p + 14 = 0, -v + 40 = -3*l + 3*p. Determine i(l).
17
Let x(i) be the first derivative of 10 + 1/2*i**2 + 7*i. Suppose k + 40 = -6*r + 2*r, 5*r + 3*k + 50 = 0. Determine x(r).
-3
Suppose -14*q = -13*q - 3. Let v(b) = -6*b + 9*b**3 - 5*b**2 + 18*b**q - 26*b**3. Determine v(6).
0
Suppose -21*p = -25*p - 2*f - 958, -3*p + 2*f - 701 = 0. Let y = -243 - p. Let t(h) = 5*h + 24. What is t(y)?
-6
Let f = -13 + 19. Suppose -3*p + 37 - 28 = 0. Let g(i) = -i + 8*i**3 + 7*i**p - 6*i**2 - 21*i**3 + 7*i**3. Give g(f).
-6
Let d be 5 - (2/1 - 1). Let u be 5/3 - d/6. Let b(v) be the first derivative of 9*v**4/2 - v**2 + v + 2078. Give b(u).
17
Let u(i) = -9*i - 125. Suppose -33*p = 10*p + 86 + 516. Calculate u(p).
1
Let f(n) = 10*n**2 - 4*n + 9. Suppose -3*m - 19*v + 14*v = -17, -17 = -5*m + 3*v. What is f(m)?
153
Let w(l) = 9 - 23 + 18*l + 5 + 9. Suppose -5*m = m + 6. What is w(m)?
-18
Let z(k) = 12*k - 14*k + 3 - 59*k**2 + 40*k**2 + 20*k**2. What is z(2)?
3
Let u be 7*(17/(-15) - 230/(-1725)). Let y(r) = -r**2 - 31*r - 176. Give y(u).
-8
Let m(y) = -y**3 - 3*y**2 + 13*y - 9. Suppose 2*q = 3*d + 32 - 50, 4*d = -3*q - 10. Determine m(q).
21
Let m(g) = -g**2 - 3*g + 2. Let j = -471 + 782. Let y = j + -128. Suppose -y*i + 188*i = -20. Determine m(i).
-2
Let i(b) = -b**3 + 2*b**2 + 2*b + 1. Suppose -3 - 213 = -9*a. Let u = a + -21. Determine i(u).
-2
Let l(c) be the third derivative of 5*c**4/24 - 7*c**3/6 + 3*c**2 - 32*c. Let h(t) = -19*t + 30. Let y(p) = 2*h(p) + 9*l(p). Give y(-5).
-38
Let o(g) = g**3 - 2*g**2 - 3*g + 1. Let i(x) = -x**3 - 3*x**2 - 9. Let m be i(-4). Let c be 2/(m*10/105). What is o(c)?
1
Let j(a) be the second derivative of 1/20*a**5 - 2 - a**3 + 1/3*a**4 + 23*a - 3*a**2. Give j(-5).
-1
Suppose t - 11 = 3*c - c, -3*c + 3*t = 6. Let r(n) = 49*n + 434. Calculate r(c).
-7
Let l(w) be the second derivative of w**5/20 + w**4/3 - 7*w**3/6 - 9*w**2/2 + 6*w - 40. Calculate l(-4).
19
Let m(u) = u**3 - 39*u**2 + 38*u + 10. Suppose 167 = -b + 5*b - 5*a, -2*a + 70 = 2*b. Let q be m(b). Let s(w) = w**3 - 11*w**2 + 7*w + 32. Determine s(q).
2
Suppose 79*z - 72 = 82*z + 3*y, 4*z + y + 96 = 0. Let h(k) = -k**2 - 38*k - 337. Calculate h(z).
-1
Let m(b) be the third derivative of -b**5/30 + 65*b**4/24 - 15*b**3 + 40*b**2 - 13. Determine m(31).
3
Suppose 0 = -v - 2*v - 3. Let i(z) = z - 2*z - z**2 - 325*z**3 + 937*z**3 - 317*z**3 - 303*z**3. Calculate i(v).
8
Let v be -2 + (-1 + 0)*-5. Let x(i) = -3*i + 11. Let k(s) = -6*s + 22. Let b(y) = v*k(y) - 5*x(y). Let l be ((-6000)/1250)/(3/(-5)). What is b(l)?
-13
Let r(o) = -37*o**3 + 38*o**3 - 102 + 101 - 2*o. Let x(i) = -i**3 - 7*i**2 - 5*i + 8. Let y be x(-6). Suppose 2*n - 6*n - y = 3*b, 4*n - 2 = -5*b. What is r(n)?
-5
Let r = 139 + -136. Let o(f) = -609*f**3 + 6*f**2 + 306*f**r + 4 - 7*f + 304*f**3. Give o(-7).
4
Suppose -5*f - 2*r - 5 = -1, 0 = 3*f + 4*r + 8. Let y(c) = -3 - 35*c + f + 2 + 46*c. Determine y(1).
10
Suppose 2*r = -3*r - 80. Let k = -7 - r. Let w(t) = t + 1429 + t**3 - 448 - 461 - 9*t**2 - 525. Calculate w(k).
4
Let h(k) = k**2 + 2*k - 5. Let c be (-8)/(-6) - 68/6. Let f be (2 - (-24)/c)/(14/(-175)). Determine h(f).
30
Let h(s) = -5*s**2 - s - 6. Suppose -10 = 2*q, -q = 5*o + 2 + 18. Determine h(o).
-48
Let d(t) = -7*t - 11*t + 19 + 76*t - 17*t - 16*t. Determine d(-1).
-6
Let f(t) = t**3 - 6*t**2 - 4*t - 5. Suppose 3*s = j - 19, 2*j - s + 2 = -3*s. Suppose -5 = o, 0*m + 2*m = j*o + 34. Determine f(m).
16
Let y(u) be the third derivative of u**6/120 + u**5/5 + 11*u**4/24 - u**3 + 1672*u**2. What is y(-11)?
-6
Let z(f) = -f**2 - 5*f - 5. Suppose x = 2*x + 4*l + 96, x = -2*l - 104. Let r = x + 107. What is z(r)?
-5
Let q(k) = k**3 + 19*k**2 + 92*k + 12. Suppose -460*a + 466*a = -30, -3*w + 3*a - 12 = 0. Determine q(w).
-6
Let k(h) = 13*h - 7. Let c = 15430 + -15428. Calculate k(c).
19
Let y(k) be the first derivative of -k**4/8 + 5*k**3/6 - 59*k**2 + 137. Let m(l) be the second derivative of y(l). Let s be 6 - (-1 + 5 - 2). Calculate m(s).
-7
Let b = 146 + -140. Suppose -3*z - g - b = -5*z, 3*z - 9 = 2*g. Let m be (z + -9)/((-27)/9). Let f(s) = 8*s. Calculate f(m).
16
Let u(q) = 7*q**3 + 28*q**2 + 82*q - 45. Let b(z) = -3*z**3 - 14*z**2 - 41*z + 17. Let c(a) = -5*b(a) - 2*u(a). Give c(-10).
-5
Let u(j) = 3*j**3 + 7*j**2 + 23*j. Let x = -36 - -25. Let a(i) = -i**3 - 2*i**2 - 8*i. Let b(n) = x*a(n) - 4*u(n). Calculate b(-5).
-5
Let b(n) be the second derivative of -5*n**4/12 + 2*n**3/3 - n**2 - 737*n. What is b(1)?
-3
Let r(h) = h - 1. Let g = 49 + -48. Let t(v) = 41*v - 60. Let b(n) = 10*n - 15. Let z(p) = -9*b(p) + 2*t(p). Let d(m) = g*z(m) + 6*r(m). Determine d(7).
-5
Suppose -3*x + 18 = 4*u - 0*u, -x - 7 = -3*u. Suppose -4*l + 4*q = -16, 4*l + 2*q - 9 = -q. Let z(n) = -n + l + x*n + 2*n. Determine z(-2).
-3
Let k(w) = -14*w**3 - 2*w**2 + 2*w. Suppose -s + 5*l - 4 = 0, 11*s - 14*l = 7*s - 10. What is k(s)?
-14
Let l(c) be the second derivative of -c**3/6 - 2*c**2 + c. Let n = -621 - -699. Let p = n - 75. Give l(p).
-7
Let r(a) = 2*a - 53. Let d(n) = 13*n - 412. Let o be d(33). Determine r(o).
-19
Let o(l) be the first derivative of 2*l**3/3 - 45*l**2 + 98*l + 864. Calculate o(44).
10
Let c(l) = -7 - 32*l**3 - 13*l**2 - 27*l**3 + 81*l**3 - 23*l**3 + 24. Calculate c(-13).
17
Let x(f) be the second derivative of 39 - 1/3*f**3 + 6*f**2 - f. Determine x(9).
-6
Let i = -9 + 3. Let m(t) = t**2 - 2*t - 13. Let z be m(5). Let v(l) = -8*l + l**2 - 2 - 2 - 2*l**2 - z. Determine v(i).
6
Suppose -10*q + 37*q + 270 = 0. Let v(n) = -2*n**2 - 21*n - 4. Calculate v(q).
6
Let u(w) = 2*w + 0*w**2 + 2*w**2 + 4*w**3 - 3*w. Let l be u(1). Let q(z) be the second derivative of -z**5/20 + z**4/2 - z**3/2 - 3*z**2 - 4633*z. Give q(l).
4
Let g(l) = 2*l**2 + 28*l - 49. Let c(d) = -18*d + 1856. Let s be c(104). Calculate g(s).
15
Let k(j) = 2*j**2 + 5*j + 11. Let n(c) = 3*c**2 + 11*c + 22. Let g(y) = -5*k(y) + 3*n(y). Let v be g(9). Let w(p) = 17 + 12 - 29 - 2*p**v. Determine w(-1).
-2
Let n = -4656 - -4649. Let d(k) = k**3 + 9*k**2 + 10*k - 1. What is d(n)?
27
Suppose 5 = k, m - 2*k - 90 + 98 = 0. Let g(y) be the third deriv